 and 8.
4
Let w = -13670 - -13696. Calculate the highest common factor of 7943 and w.
13
Let z = -2982 - -2990. Calculate the greatest common factor of 2264 and z.
8
Let k(w) = 11*w**2 - 35*w - 52. Let q be k(5). Calculate the greatest common divisor of q and 708.
12
Suppose -1196*m + 33220 = -1141*m. What is the highest common divisor of 1661 and m?
151
Let c(b) = 3*b**3 - 38*b**2 - 186*b. Let h be c(21). Calculate the highest common divisor of 63 and h.
63
Let n = 48 - -5. Suppose n = -10*o + 193. Calculate the highest common divisor of o and 42.
14
Suppose v = -3*y + 5614, 0 = 4*y + 2*v + 2826 - 10310. What is the greatest common divisor of 1584 and y?
144
Let v(y) = -3*y**3 + 6*y + 4. Let h be v(0). Suppose -2*x = -3*k - 83, 4*x - h*k - 165 = k. Calculate the highest common factor of x and 16.
8
Let o(k) = -k**3 - 10*k**2 - 12*k - 15. Let l = -434 - -424. Let q be o(l). Calculate the highest common factor of q and 35.
35
Let j be (-1)/((-18)/(-12)) - 124/(-6). Suppose -j*b + 9554 = 2194. What is the highest common divisor of 23 and b?
23
Let m(x) = -x**2 - 16*x - 36. Let h be m(-4). Calculate the greatest common factor of h and 16.
4
Let o(y) = -y**3 - 33*y**2 - 71*y - 99. Let c be o(-31). Calculate the highest common divisor of 135 and c.
45
Suppose -87*u - 18161 = -98*u. Calculate the highest common divisor of 169 and u.
13
Let u be ((-8)/28)/(0 + (-2)/14). Let s(n) = -n**3 - 22*n**2 - 24*n - 30. Let p be s(-21). Let d = p + -31. Calculate the highest common factor of d and u.
2
Suppose 21*h - 234 = 136 + 365. Calculate the highest common factor of h and 985.
5
Let q(u) = u**3 + 2*u**2 - 2*u + 2. Let l be q(-3). Let b be (30/20)/(l/(-62)). Let f = b + -85. Calculate the highest common divisor of f and 136.
8
Let c be 2*((-14)/21)/(4/(-849)). Let q be c - (-5)/(-4 + 5). What is the greatest common divisor of 108 and q?
36
Let x be 4 + 0 + -10 + 3. Let g be (258/(-172))/(1 - x/(-2)). Calculate the highest common divisor of g and 1.
1
Let z be (-15)/(-1) + 10/(-5) + 4. Suppose 0 = -4*a - h - z, 11 = -a + 2*h - 0*h. Let l be a/(9 + -4)*-10. Calculate the highest common divisor of 30 and l.
10
Let l be 3 - (1 - (5 + -3) - 10). Let g = 16 + l. Suppose -168 = -34*m + g*m. What is the greatest common divisor of 210 and m?
42
Let f(z) = 10*z**2 - 214*z + 9. Let p be f(22). What is the greatest common factor of 1034 and p?
47
Let p(a) = a**2 + 7*a + 14. Let k be (-66)/14 - (9/7 - 1). Let l be p(k). Suppose -l*t + 14 = -3*t. Calculate the greatest common factor of t and 126.
14
Suppose 3*w - 2*m - 2142 = 0, -22*m - 2160 = -3*w - 17*m. What is the greatest common factor of 90 and w?
10
Let x(i) = i**2 - 22. Let n be x(6). Let k(s) = -19*s - n*s - s + 25 + 2*s**2 - 11*s. Let m be k(22). Calculate the highest common factor of m and 24.
3
Let b = -51 - -99. Suppose 0 = -10*p + 12*p - 220. Suppose p = 12*m + 38. What is the greatest common divisor of m and b?
6
Let f(r) = 3*r**2 - 17*r - 52. Let k be f(-4). Let z be 16/k - 31/(-4). What is the greatest common divisor of 52 and z?
4
Let t(n) = 9*n**3 + 279*n**2 - 3*n - 18. Let i be t(-31). What is the greatest common divisor of 255 and i?
15
Let q be (3395/70 + -34)/((1 + -3)/(-1132)). What is the greatest common factor of q and 283?
283
Let l be -1 - 0 - 1 - -65. Let s be 3/((-2)/5 + 57/30). Suppose 4 = s*t + 5*g, -2*g = -t + 5*t - 24. Calculate the highest common factor of t and l.
7
Let w be 189787/845 - (-2)/5. What is the highest common divisor of w and 3285?
45
Suppose -2 = -y + 9. Let j(h) = -10 + 8 - 3 + 4*h - 26*h**2 + h**3. Let s be j(26). What is the greatest common divisor of y and s?
11
Let q be 21/(-35) + (-44)/10. Let p be -2 + (20/(-2))/q. Suppose y - 5 = p, 5*y - 283 = -5*u - 88. What is the greatest common divisor of u and 170?
34
Suppose -54*u - 10*u + 2106 = -10*u. Calculate the highest common divisor of 507 and u.
39
Let p be (-27)/54*(984/(-2) - 0). Suppose p*w - 495 = 237*w. Calculate the highest common factor of w and 44.
11
Suppose 2*m + 0*m - 480 = 2*b, 3*m - 728 = -b. Let o = 257 - m. Let r be 5/((-3)/3 + 2). What is the highest common factor of r and o?
5
Let l(c) = 0*c**3 - 13 + 7*c - c**3 + 10*c**2 + 4*c. Let i be l(11). Let w = 19 + i. Calculate the highest common divisor of w and 4.
2
Let c be (-1*17)/(1/(-37)). Suppose 305*k = 307*k - r - 41, -5*k = 4*r - 57. What is the greatest common factor of k and c?
17
Suppose 8887 = y + 167. Suppose 40*q - 50*q = -y. Calculate the greatest common divisor of q and 8.
8
Suppose 7 = 3*v + 1, 2*v = -2*a + 18. Suppose 8*d + 2*q = 4*d - 2, a = 4*d - q. Suppose 5 = 4*t - 35. What is the highest common divisor of t and d?
1
Let v = -4920 + 4975. Calculate the greatest common factor of v and 2189.
11
Let l = -17400 - -17430. What is the highest common factor of l and 2190?
30
Let u(x) = 4*x + 35. Let j(t) = -1. Let i(y) = 6*j(y) + u(y). Let f be i(-7). Let k be (29 + -2)/3*f. Calculate the highest common factor of 99 and k.
9
Suppose 0 = -5*o + 2*i + 37, 5*i + 17 = 2*o + 2*i. Suppose 30 = o*s - 2*s. What is the highest common factor of 12 and s?
6
Let s(f) = 4*f**3 + 200*f**2 - 205*f - 16. Let k be s(-51). Let r = 54 + -33. Calculate the greatest common factor of r and k.
7
Suppose 4*m + 2*y = 14, -2*m + 13 = 2*m + 3*y. Let b be (-4)/12*(4 + 173). Let a = m - b. Calculate the greatest common divisor of 7 and a.
7
Let m be (18/20)/((-15)/(-25)) + (-12950)/(-20). Calculate the highest common divisor of m and 177.
59
Suppose 551934 = 1453*g - 1372*g. Calculate the highest common divisor of 2 and g.
2
Let p = 2831 - 2816. What is the greatest common factor of p and 1950?
15
Suppose -749 - 484 + 264 = -19*n. Calculate the greatest common divisor of 6375 and n.
51
Let i(x) = -2*x - 4. Let h(z) = z**3 - 33*z**2 + 58*z + 108. Let t be h(31). Let n be i(t). Let a = 1 + 3. Calculate the greatest common factor of a and n.
4
Suppose -28 = -2*r + 44. Let c = 6977 - 6973. What is the highest common divisor of c and r?
4
Let t(z) = 95*z + 11. Let s be t(-8). Let g = s - -765. What is the greatest common factor of g and 1328?
16
Let x(s) = s**3 - 8*s**2 + 10*s + 1. Let r be x(5). Let w be (r/12)/((-4)/(-6)) + -23. Let g = -6 - w. Calculate the greatest common factor of 50 and g.
10
Suppose 4 = 2*x - 2. Let g = -56 - -34. Let w(d) = -d**2 - 23*d - 19. Let t be w(g). What is the highest common factor of x and t?
3
Let l(s) = 7*s + 9. Let v be l(9). Suppose 21*w - 18*w - 192 = -3*w. What is the greatest common factor of v and w?
8
Let a = 337 + -337. Suppose 4*z - 4 = 0, a*l + 3*z + 109 = 2*l. Calculate the greatest common factor of l and 14.
14
Suppose -4*s + 297 = -s. Let p be -33*(12/(-9))/4. Calculate the highest common factor of s and p.
11
Let k = -5339 + 6002. Calculate the highest common divisor of k and 39.
39
Suppose 20 + 15 = -7*b. Let a = -6 - b. Let n be (-1)/1 + a + 7. Calculate the highest common factor of n and 45.
5
Let a = -8557 - -8872. What is the highest common divisor of a and 777?
21
Suppose -5*z - n + 839 + 2202 = 0, -583 = -z + 4*n. Let i be (-1)/3 + 44/6. Suppose 0 = -i*o + z - 89. Calculate the greatest common divisor of 111 and o.
37
Let q(l) = l**3 - 10*l**2 - 15*l + 25. Let t = -1 - -12. Let p be q(t). Let v = p - -37. What is the highest common divisor of v and 144?
18
Let n be (27/24)/9 - (-5754)/48. Let o = n - -87. Calculate the greatest common divisor of o and 23.
23
Let t be (-6)/(-21) - (-1816)/14. Let i be ((-37)/((-2775)/60))/(4/130 - 0). Calculate the highest common factor of t and i.
26
Let m(z) = z**3 - 8*z**2 + 9*z - 5. Let o be m(7). Let g be (-6)/22 - (-376)/88. Let q be (5 - g) + -3 - -65. What is the greatest common divisor of q and o?
9
Let h(q) = q**3 - 25*q**2 - 41*q - 19. Let a be h(27). What is the highest common divisor of a and 4?
4
Suppose 9*k = 8*k + t + 21, -2*t = 5*k - 91. Calculate the greatest common factor of 14554 and k.
19
Let j = -2087 - -4405. Calculate the greatest common divisor of 244 and j.
122
Let d(i) = 5*i**2 + 11*i + 50. Let n be d(-16). Suppose -n - 232 = -11*q. What is the greatest common divisor of q and 63?
63
Suppose -4*y - 2*n + 14446 = 0, 0 = 7*y + 12*n - 15*n - 25287. Calculate the highest common factor of 252 and y.
84
Suppose 7 + 8 = v. Suppose 71*k - 200 = -91*k + 610. Ca